remainder when 895 is divided by 447?
1
Calculate the remainder when 3 is divided by 2.
1
Calculate the remainder when 229 is divided by 71.
16
What is the remainder when 3656 is divided by 122?
118
Calculate the remainder when 1241 is divided by 239.
46
Calculate the remainder when 3602 is divided by 35.
32
What is the remainder when 71 is divided by 9?
8
Calculate the remainder when 401 is divided by 3.
2
What is the remainder when 489 is divided by 168?
153
What is the remainder when 124 is divided by 56?
12
Calculate the remainder when 905 is divided by 573.
332
Calculate the remainder when 1413 is divided by 397.
222
Calculate the remainder when 9623 is divided by 332.
327
What is the remainder when 637 is divided by 73?
53
Calculate the remainder when 4154 is divided by 99.
95
Calculate the remainder when 36705 is divided by 161.
158
Calculate the remainder when 138 is divided by 33.
6
Calculate the remainder when 8156 is divided by 2718.
2
What is the remainder when 1188 is divided by 34?
32
What is the remainder when 604 is divided by 23?
6
What is the remainder when 173 is divided by 4?
1
Calculate the remainder when 361 is divided by 166.
29
Calculate the remainder when 901 is divided by 232.
205
What is the remainder when 1982 is divided by 142?
136
What is the remainder when 286 is divided by 121?
44
What is the remainder when 1603 is divided by 146?
143
What is the remainder when 119 is divided by 6?
5
What is the remainder when 2937 is divided by 15?
12
What is the remainder when 2410 is divided by 47?
13
Calculate the remainder when 63 is divided by 35.
28
Calculate the remainder when 63 is divided by 24.
15
Calculate the remainder when 212 is divided by 31.
26
What is the remainder when 348 is divided by 48?
12
Calculate the remainder when 97 is divided by 35.
27
What is the remainder when 766 is divided by 149?
21
What is the remainder when 4219 is divided by 24?
19
What is the remainder when 2035 is divided by 86?
57
What is the remainder when 319 is divided by 104?
7
Calculate the remainder when 357 is divided by 40.
37
Calculate the remainder when 1093 is divided by 95.
48
Calculate the remainder when 268 is divided by 111.
46
Calculate the remainder when 5 is divided by 3.
2
Calculate the remainder when 208 is divided by 39.
13
What is the remainder when 2846 is divided by 89?
87
Calculate the remainder when 2752 is divided by 23.
15
Calculate the remainder when 3656 is divided by 4.
0
Calculate the remainder when 359 is divided by 45.
44
What is the remainder when 45 is divided by 23?
22
Calculate the remainder when 1429 is divided by 41.
35
Calculate the remainder when 1537 is divided by 11.
8
What is the remainder when 8507 is divided by 22?
15
What is the remainder when 6283 is divided by 2?
1
What is the remainder when 150 is divided by 24?
6
What is the remainder when 93 is divided by 29?
6
What is the remainder when 1061 is divided by 262?
13
What is the remainder when 165 is divided by 164?
1
Calculate the remainder when 114 is divided by 38.
0
Calculate the remainder when 1611 is divided by 13.
12
What is the remainder when 335 is divided by 18?
11
What is the remainder when 622 is divided by 12?
10
What is the remainder when 1867 is divided by 3?
1
Calculate the remainder when 75 is divided by 20.
15
Calculate the remainder when 481 is divided by 22.
19
What is the remainder when 4119 is divided by 1027?
11
What is the remainder when 719 is divided by 16?
15
What is the remainder when 13 is divided by 13?
0
What is the remainder when 42 is divided by 3?
0
What is the remainder when 1062 is divided by 38?
36
What is the remainder when 22 is divided by 10?
2
Calculate the remainder when 586 is divided by 66.
58
Calculate the remainder when 1298 is divided by 321.
14
Calculate the remainder when 523 is divided by 5.
3
What is the remainder when 84 is divided by 23?
15
Calculate the remainder when 2769 is divided by 69.
9
Calculate the remainder when 116 is divided by 17.
14
Calculate the remainder when 137 is divided by 24.
17
What is the remainder when 103 is divided by 32?
7
Calculate the remainder when 67 is divided by 19.
10
What is the remainder when 463 is divided by 352?
111
What is the remainder when 1068 is divided by 39?
15
Calculate the remainder when 403 is divided by 102.
97
What is the remainder when 75 is divided by 20?
15
What is the remainder when 332 is divided by 20?
12
What is the remainder when 858 is divided by 95?
3
What is the remainder when 67 is divided by 14?
11
What is the remainder when 425 is divided by 117?
74
Calculate the remainder when 433 is divided by 109.
106
Calculate the remainder when 355 is divided by 90.
85
Calculate the remainder when 368 is divided by 11.
5
What is the remainder when 8232 is divided by 15?
12
Calculate the remainder when 649 is divided by 133.
117
What is the remainder when 1195 is divided by 9?
7
Calculate the remainder when 280 is divided by 26.
20
Calculate the remainder when 7375 is divided by 17.
14
Calculate the remainder when 150 is divided by 13.
7
Calculate the remainder when 2211 is divided by 82.
79
What is the remainder when 130 is divided by 12?
10
What is the remainder when 107 is divided by 43?
21
What is the remainder when 125 is divided by 54?
17
Calculate the remainder when 5901 is divided by 18.
15
What is the remainder when 990 is divided by 37?
28
Calculate the remainder when 36 is divided by 14.
8
Calculate the remainder when 453 is divided by 48.
21
Calculate the remainder when 1618 is divided by 54.
52
Calculate the remainder when 536 is divided by 130.
16
Calculate the remainder when 816 is divided by 33.
24
Calculate the remainder when 1275 is divided by 251.
20
Calculate the remainder when 417 is divided by 41.
7
Calculate the remainder when 101 is divided by 26.
23
Calculate the remainder when 402 is divided by 13.
12
Calculate the remainder when 253 is divided by 16.
13
What is the remainder when 2770 is divided by 99?
97
Calculate the remainder when 983 is divided by 124.
115
What is the remainder when 1099 is divided by 20?
19
What is the remainder when 63 is divided by 48?
15
What is the remainder when 287 is divided by 98?
91
Calculate the remainder when 161 is divided by 52.
5
What is the remainder when 1594 is divided by 55?
54
What is the remainder when 5379 is divided by 46?
43
Calculate the remainder when 536 is divided by 265.
6
What is the remainder when 383 is divided by 11?
9
Calculate the remainder when 61 is divided by 23.
15
What is the remainder when 390 is divided by 96?
6
Calculate the remainder when 2700 is divided by 301.
292
What is the remainder when 54 is divided by 15?
9
What is the remainder when 198 is divided by 16?
6
What is the remainder when 16 is divided by 12?
4
Calculate the remainder when 276 is divided by 76.
48
What is the remainder when 1016 is divided by 85?
81
What is the remainder when 1310 is divided by 57?
56
Calculate the remainder when 50 is divided by 20.
10
Calculate the remainder when 140 is divided by 42.
14
What is the remainder when 5304 is divided by 196?
12
Calculate the remainder when 165 is divided by 146.
19
Calculate the remainder when 192 is divided by 93.
6
What is the remainder when 107 is divided by 15?
2
What is the remainder when 5498 is divided by 7?
3
What is the remainder when 2081 is divided by 6?
5
Calculate the remainder when 1433 is divided by 382.
287
What is the remainder when 337 is divided by 13?
12
Calculate the remainder when 172 is divided by 86.
0
Calculate the remainder when 116 is divided by 12.
8
What is the remainder when 2364 is divided by 220?
164
What is the remainder when 767 is divided by 10?
7
Calculate the remainder when 221 is divided by 16.
13
Calculate the remainder when 343 is divided by 65.
18
What is the remainder when 134 is divided by 11?
2
What is the remainder when 143 is divided by 117?
26
What is the remainder when 579 is divided by 45?
39
What is the remainder when 136 is divided by 60?
16
Calculate the remainder when 1270 is divided by 12.
10
What is the remainder when 2231 is divided by 77?
75
What is the remainder when 16 is divided by 10?
6
Calculate the remainder when 251 is divided by 52.
43
What is the remainder whe